ctor of 21246017 and 39?
13
Calculate the greatest common divisor of 119 and 2235968.
7
What is the highest common factor of 437 and 46444075?
19
What is the greatest common factor of 947473 and 47329?
893
What is the greatest common divisor of 175 and 92554525?
175
What is the greatest common divisor of 1034 and 101034725?
517
Calculate the highest common factor of 156897806 and 1158.
386
What is the greatest common divisor of 206181620 and 19065?
6355
Calculate the highest common divisor of 2987454 and 10878.
222
What is the highest common factor of 309050136 and 27?
9
What is the greatest common factor of 113306 and 265346?
362
What is the greatest common divisor of 10892875 and 16520?
2065
What is the greatest common factor of 3357425 and 4853?
23
Calculate the highest common divisor of 4020 and 64084160.
1340
Calculate the highest common factor of 4850 and 18810725.
2425
Calculate the highest common factor of 10 and 9837055.
5
Calculate the highest common divisor of 693412916 and 458.
458
What is the highest common factor of 4795410 and 1432?
358
What is the highest common divisor of 1320326600 and 200?
200
What is the greatest common divisor of 211198406 and 5732?
2866
What is the greatest common divisor of 344 and 23183252?
4
Calculate the greatest common divisor of 49370302 and 252389.
3767
Calculate the greatest common factor of 4559 and 636417.
97
Calculate the highest common divisor of 40140 and 28500.
60
Calculate the greatest common factor of 44 and 97264937.
11
What is the greatest common divisor of 234 and 654287322?
78
Calculate the highest common divisor of 2343120 and 312.
312
What is the greatest common factor of 5960082 and 48?
6
Calculate the greatest common factor of 165 and 67444113.
33
Calculate the highest common divisor of 533060 and 94006.
22
What is the highest common factor of 40547 and 4511?
13
What is the highest common divisor of 20275787 and 917?
917
What is the highest common divisor of 2338975 and 400?
25
Calculate the highest common factor of 13 and 68784755.
13
What is the greatest common divisor of 3600 and 4656735?
45
Calculate the greatest common factor of 35966475 and 91800.
3825
Calculate the greatest common divisor of 52310 and 665.
5
Calculate the highest common factor of 180378 and 44451.
99
What is the greatest common factor of 54373 and 747461?
11
What is the highest common factor of 374 and 47774386?
374
Calculate the highest common factor of 826893 and 4819.
79
Calculate the greatest common divisor of 84968 and 2184572.
2236
Calculate the highest common factor of 96 and 3540312.
24
Calculate the highest common factor of 49306315 and 974.
487
Calculate the highest common divisor of 610 and 15702.
2
What is the highest common divisor of 547912281 and 105?
21
Calculate the highest common factor of 7408 and 52062498.
926
Calculate the greatest common divisor of 30267 and 37457094.
3363
Calculate the greatest common divisor of 2079 and 7284046.
77
What is the highest common factor of 28744645 and 15?
5
Calculate the greatest common divisor of 3849 and 24643864.
1283
What is the greatest common divisor of 268993760 and 140?
140
Calculate the highest common factor of 12524498 and 56.
14
What is the greatest common factor of 3372241 and 389?
389
What is the greatest common factor of 5293837 and 665?
19
Calculate the greatest common divisor of 7764 and 121548.
12
What is the highest common factor of 17902191 and 3219?
111
Calculate the highest common divisor of 27 and 102259935.
27
Calculate the highest common divisor of 132 and 3539294.
22
Calculate the highest common factor of 331782 and 42350.
242
Calculate the greatest common divisor of 229883 and 5771.
29
Calculate the greatest common divisor of 1456485 and 202119.
267
Calculate the greatest common divisor of 67 and 103932611.
67
What is the greatest common divisor of 3722224 and 176?
176
Calculate the greatest common factor of 126163 and 38617057.
1597
Calculate the highest common factor of 1104 and 25226640.
48
Calculate the highest common divisor of 84789791 and 2381.
2381
What is the greatest common factor of 163382043 and 66?
33
Calculate the greatest common factor of 323 and 11996339.
17
Calculate the highest common divisor of 922580 and 32640.
20
What is the greatest common divisor of 7880 and 900086696?
1576
Calculate the greatest common divisor of 40638 and 161442270.
3126
What is the greatest common divisor of 2340 and 2820285?
585
What is the highest common factor of 5072067 and 141141?
3003
What is the greatest common divisor of 40 and 720956?
4
Calculate the greatest common divisor of 163584 and 3968.
128
Calculate the highest common divisor of 21 and 8733669.
21
What is the greatest common divisor of 1058 and 400724906?
1058
Calculate the greatest common factor of 12 and 278381436.
12
Calculate the greatest common factor of 1204809197 and 53.
53
Calculate the greatest common factor of 243024393 and 2694.
1347
What is the greatest common divisor of 432571 and 51979?
881
What is the highest common factor of 66808 and 4837?
7
What is the highest common divisor of 395 and 68357989?
79
Calculate the highest common divisor of 58863 and 1176546.
21
Calculate the highest common factor of 130169 and 54586753.
7657
Calculate the highest common factor of 10458235 and 629.
37
Calculate the highest common divisor of 1968 and 181466.
82
Calculate the greatest common divisor of 14021754 and 1722.
246
Calculate the greatest common factor of 75257 and 52.
13
Calculate the greatest common factor of 765 and 1105765.
85
What is the highest common factor of 21591 and 18873?
9
Calculate the greatest common factor of 30760 and 12880.
40
Calculate the highest common factor of 160 and 9428896.
32
What is the greatest common factor of 17815232 and 256?
64
Calculate the greatest common factor of 29161 and 1204759.
241
Calculate the greatest common divisor of 1580 and 43203836.
316
Calculate the greatest common divisor of 147 and 59917683.
21
Calculate the greatest common divisor of 2170272 and 1509378.
2886
Calculate the greatest common divisor of 59600 and 2043088.
2384
Calculate the greatest common factor of 109318 and 3674.
22
What is the greatest common factor of 1990969736 and 56?
56
What is the greatest common divisor of 2484 and 20091420?
828
What is the greatest common divisor of 1421 and 22264431?
203
Calculate the highest common factor of 2784208 and 120736.
112
What is the greatest common factor of 17997389 and 95?
19
Calculate the highest common divisor of 4560 and 3570195.
285
What is the greatest common divisor of 15 and 2303095?
5
Calculate the greatest common divisor of 9520 and 25310110.
1190
Calculate the greatest common factor of 37338439 and 148.
37
Calculate the greatest common factor of 686 and 23692648.
14
What is the highest common divisor of 710886 and 330?
66
What is the highest common factor of 6804 and 5813598?
42
What is the greatest common factor of 1337949 and 225?
9
Calculate the greatest common divisor of 320 and 1364256.
32
What is the greatest common factor of 391685 and 1407245?
1085
What is the highest common factor of 52302718 and 1954?
1954
What is the greatest common factor of 119794 and 2128435?
89
What is the greatest common factor of 59754 and 1217163?
1299
Calculate the highest common factor of 82700827 and 1654.
827
Calculate the highest common divisor of 200 and 134925440.
40
Calculate the highest common factor of 41606 and 131776.
142
What is the highest common divisor of 12783 and 430663531?
4261
What is the highest common divisor of 2402012 and 7424?
116
What is the highest common divisor of 9950 and 13620356?
398
What is the greatest common divisor of 4248 and 31280856?
1416
What is the greatest common factor of 2638476 and 1503?
9
Calculate the greatest common divisor of 11036 and 53916812.
124
Calculate the highest common divisor of 4566729 and 4128.
129
What is the highest common factor of 9028860 and 1740?
1740
What is the highest common factor of 568075 and 18600?
775
What is the highest common factor of 243160 and 1950?
10
What is the highest common divisor of 91661721 and 522?
87
Calculate the highest common divisor of 12 and 31637944.
4
Calculate the highest common divisor of 21478494 and 12307.
397
